r of 313830 and 36135.
495
What is the highest common divisor of 3150966 and 1508?
754
Calculate the highest common divisor of 294 and 58359.
147
Calculate the highest common divisor of 42 and 3445470.
42
What is the highest common divisor of 1065 and 2440767?
213
Calculate the highest common divisor of 105490 and 1386.
154
What is the highest common factor of 1110 and 7955?
185
What is the highest common factor of 42871 and 86?
43
What is the greatest common factor of 93 and 96658?
31
Calculate the highest common factor of 117788 and 308.
44
Calculate the greatest common divisor of 8163 and 18.
9
What is the highest common divisor of 77 and 648043?
11
What is the greatest common factor of 812 and 13108?
116
Calculate the highest common divisor of 33 and 5031.
3
What is the highest common divisor of 3 and 65553?
3
What is the highest common divisor of 15538 and 986?
34
What is the greatest common factor of 6216 and 40?
8
Calculate the highest common divisor of 58762 and 88.
22
What is the greatest common divisor of 28650 and 350?
50
Calculate the greatest common divisor of 154760 and 876.
292
What is the highest common divisor of 4142 and 38?
38
What is the highest common divisor of 1 and 446227?
1
Calculate the greatest common factor of 27507 and 1038.
519
Calculate the highest common divisor of 685720 and 620.
620
Calculate the highest common divisor of 682 and 3481951.
341
Calculate the greatest common divisor of 108354 and 114.
6
Calculate the highest common factor of 2730 and 1105.
65
Calculate the greatest common divisor of 9878 and 550.
22
What is the highest common factor of 52 and 4688476?
52
Calculate the greatest common divisor of 3240 and 640.
40
What is the greatest common factor of 147 and 177233?
49
What is the greatest common factor of 410 and 39032?
82
What is the greatest common divisor of 987 and 12?
3
What is the highest common factor of 119 and 1736567?
119
What is the highest common divisor of 85 and 168795?
5
What is the highest common divisor of 96835 and 7783?
181
What is the highest common factor of 1092 and 5075772?
156
Calculate the highest common divisor of 1390 and 172638.
278
Calculate the greatest common divisor of 2055 and 74665.
685
Calculate the highest common factor of 737775 and 22950.
675
Calculate the highest common factor of 78503 and 232.
29
Calculate the highest common divisor of 20 and 98076.
4
What is the highest common factor of 437 and 2944?
23
Calculate the greatest common divisor of 16 and 31096.
8
What is the greatest common factor of 75896 and 35192?
424
What is the highest common divisor of 320 and 109392?
16
Calculate the highest common divisor of 814 and 201014.
22
Calculate the highest common factor of 573111 and 42.
21
What is the greatest common divisor of 9085 and 46?
23
Calculate the highest common factor of 1136032 and 524.
524
Calculate the highest common divisor of 5 and 125585.
5
What is the greatest common divisor of 322972 and 156?
52
What is the greatest common factor of 3004300 and 400?
100
Calculate the highest common divisor of 112 and 31456.
16
Calculate the greatest common factor of 3666360 and 480.
120
Calculate the highest common divisor of 471 and 885.
3
Calculate the greatest common divisor of 307450 and 18850.
650
Calculate the highest common divisor of 2082 and 7892862.
2082
What is the highest common divisor of 10 and 1652030?
10
What is the greatest common divisor of 162 and 65664?
54
Calculate the highest common divisor of 12327 and 21.
21
What is the greatest common divisor of 127568 and 1088?
272
Calculate the highest common divisor of 300660 and 560.
20
Calculate the greatest common factor of 173680 and 7280.
1040
Calculate the highest common divisor of 7788 and 3828.
132
Calculate the greatest common divisor of 711502 and 11.
11
Calculate the highest common factor of 26 and 813163.
13
Calculate the highest common divisor of 20 and 735236.
4
Calculate the greatest common divisor of 2629 and 137.
1
Calculate the highest common factor of 20 and 1073300.
20
What is the highest common factor of 72 and 84402?
18
Calculate the highest common divisor of 8624 and 10296.
88
What is the greatest common factor of 372 and 1422?
6
Calculate the highest common divisor of 133 and 437.
19
What is the greatest common divisor of 80401 and 424?
53
Calculate the highest common factor of 918 and 8466.
102
Calculate the greatest common factor of 175352 and 184.
184
Calculate the greatest common factor of 32 and 734276.
4
What is the greatest common divisor of 2421900 and 598?
598
Calculate the greatest common factor of 282 and 159798.
6
Calculate the greatest common divisor of 431240 and 40.
40
Calculate the greatest common divisor of 1950327 and 9.
9
Calculate the highest common divisor of 848 and 107908.
212
Calculate the greatest common divisor of 38 and 94867.
19
What is the greatest common divisor of 2350 and 1927?
47
Calculate the greatest common divisor of 192303 and 3519.
207
Calculate the highest common factor of 208 and 44356.
52
What is the greatest common factor of 20035 and 20?
5
Calculate the greatest common divisor of 18 and 1683414.
18
What is the highest common factor of 70 and 28265?
5
Calculate the greatest common divisor of 2210 and 33745.
85
Calculate the highest common divisor of 2323422 and 18.
18
Calculate the highest common divisor of 33 and 3894.
33
Calculate the greatest common factor of 28560 and 120.
120
What is the highest common factor of 1091974 and 104?
26
What is the greatest common divisor of 19 and 6108215?
19
Calculate the greatest common factor of 23 and 151.
1
What is the greatest common factor of 457 and 9360731?
457
What is the greatest common factor of 70488 and 1224?
72
What is the highest common divisor of 1648856 and 164?
164
Calculate the highest common factor of 21979 and 124.
31
Calculate the greatest common divisor of 217638 and 23730.
678
What is the highest common factor of 448899 and 21408?
669
What is the highest common factor of 322713 and 306?
9
Calculate the highest common divisor of 456307 and 398.
199
Calculate the greatest common factor of 375 and 29125.
125
Calculate the greatest common factor of 262 and 421558.
262
Calculate the highest common factor of 34383 and 1095.
219
What is the highest common factor of 3007 and 3379?
31
Calculate the greatest common divisor of 319 and 12254.
11
Calculate the highest common factor of 1517 and 90077.
41
Calculate the greatest common factor of 24 and 3095604.
12
What is the highest common divisor of 124496 and 372?
124
Calculate the greatest common factor of 455566 and 34.
34
What is the highest common factor of 600 and 1904775?
75
Calculate the greatest common divisor of 7200 and 2250.
450
What is the highest common factor of 90013 and 3773?
539
Calculate the greatest common divisor of 1570 and 42704.
314
Calculate the greatest common divisor of 167184 and 81.
81
What is the greatest common factor of 1068785 and 40?
5
Calculate the highest common divisor of 32000 and 576.
64
Calculate the greatest common divisor of 180 and 17485.
5
What is the highest common divisor of 319859 and 499?
499
What is the highest common divisor of 396 and 102762?
198
Calculate the greatest common factor of 585 and 85930.
65
What is the greatest common divisor of 2090422 and 238?
34
What is the greatest common divisor of 11154 and 66?
66
What is the greatest common factor of 176 and 37202?
22
Calculate the highest common factor of 3207920 and 16.
16
Calculate the greatest common divisor of 2464 and 357.
7
Calculate the highest common factor of 2619513 and 26.
13
What is the greatest common factor of 36205 and 130?
65
What is the highest common factor of 118 and 74281?
59
What is the greatest common factor of 197 and 858329?
197
What is the highest common factor of 106151 and 404?
101
What is the greatest common factor of 14925 and 25671?
597
Calculate the greatest common divisor of 40239 and 459.
153
What is the greatest common divisor of 1212 and 466418?
202
What is the highest common divisor of 26643 and 53607?
321
What is the highest common divisor of 720 and 441?
9
Calculate the greatest common divisor of 218 and 203176.
218
Calculate the greatest common factor of 9940 and 30625.
35
What is the great